{"id":368,"date":"2024-08-19T14:55:49","date_gmt":"2024-08-19T12:55:49","guid":{"rendered":"https:\/\/spzpozparczew.pl\/SPZPOZ\/?page_id=368"},"modified":"2025-11-24T12:46:49","modified_gmt":"2025-11-24T11:46:49","slug":"rodo-2","status":"publish","type":"page","link":"https:\/\/spzpozparczew.pl\/?page_id=368","title":{"rendered":"RODO"},"content":{"rendered":"\t\t<div data-elementor-type=\"wp-page\" data-elementor-id=\"368\" class=\"elementor elementor-368\">\n\t\t\t\t<div class=\"elementor-element elementor-element-0db6736 e-flex e-con-boxed e-con e-parent\" data-id=\"0db6736\" data-element_type=\"container\">\n\t\t\t\t\t<div class=\"e-con-inner\">\n\t\t\t\t<div class=\"elementor-element elementor-element-82b59b2 elementor-widget elementor-widget-spacer\" data-id=\"82b59b2\" data-element_type=\"widget\" data-widget_type=\"spacer.default\">\n\t\t\t\t<div class=\"elementor-widget-container\">\n\t\t\t\t\t\t\t<div class=\"elementor-spacer\">\n\t\t\t<div class=\"elementor-spacer-inner\"><\/div>\n\t\t<\/div>\n\t\t\t\t\t\t<\/div>\n\t\t\t\t<\/div>\n\t\t\t\t<div class=\"elementor-element elementor-element-aed73cc elementor-widget elementor-widget-heading\" data-id=\"aed73cc\" data-element_type=\"widget\" data-widget_type=\"heading.default\">\n\t\t\t\t<div class=\"elementor-widget-container\">\n\t\t\t\t\t<h2 class=\"elementor-heading-title elementor-size-default\">Szanowni Pacjenci, Wsp\u00f3\u0142pracownicy, Kontrahenci<br>Informujemy, \u017ce w zwi\u0105zku z nasz\u0105 wsp\u00f3\u0142prac\u0105 przetwarzamy Wasze dane osobowe, zapewniaj\u0105c jednocze\u015bnie ich bezpiecze\u0144stwo i zgodno\u015b\u0107 z obowi\u0105zuj\u0105cymi przepisami prawa.<\/h2>\t\t\t\t<\/div>\n\t\t\t\t<\/div>\n\t\t\t\t<div class=\"elementor-element elementor-element-020e261 elementor-widget elementor-widget-spacer\" data-id=\"020e261\" data-element_type=\"widget\" data-widget_type=\"spacer.default\">\n\t\t\t\t<div class=\"elementor-widget-container\">\n\t\t\t\t\t\t\t<div class=\"elementor-spacer\">\n\t\t\t<div class=\"elementor-spacer-inner\"><\/div>\n\t\t<\/div>\n\t\t\t\t\t\t<\/div>\n\t\t\t\t<\/div>\n\t\t\t\t\t<\/div>\n\t\t\t\t<\/div>\n\t\t<div class=\"elementor-element elementor-element-cf15215 e-flex e-con-boxed e-con e-parent\" data-id=\"cf15215\" data-element_type=\"container\">\n\t\t\t\t\t<div class=\"e-con-inner\">\n\t\t\t\t<div class=\"elementor-element elementor-element-c3b3fc4 elementor-widget elementor-widget-text-editor\" data-id=\"c3b3fc4\" data-element_type=\"widget\" data-widget_type=\"text-editor.default\">\n\t\t\t\t<div class=\"elementor-widget-container\">\n\t\t\t\t\t\t\t\t\t<p>W zwi\u0105zku z rozpocz\u0119ciem stosowania Rozporz\u0105dzenia Parlamentu Europejskiego i Rady (UE) 2016\/679 z dnia 27 kwietnia 2016r. w sprawie ochrony os\u00f3b fizycznych w zwi\u0105zku z przetwarzaniem danych osobowych i w sprawie swobodnego przep\u0142ywu takich danych oraz uchylenie dyrektywy 94\/46\/WE (og\u00f3lne rozporz\u0105dzenie o ochronie danych osobowych), pragniemy przekaza\u0107 Pa\u0144stwu najwa\u017cniejsze informacje dotycz\u0105ce przetwarzania danych oraz prawach zwi\u0105zanych z przetwarzaniem tych danych.<\/p><p>Niezale\u017cnie od obowi\u0105zuj\u0105cych przepis\u00f3w prawa pragniemy wskaza\u0107, \u017ce poszanowanie oraz ochrona prywatno\u015bci Pacjenta s\u0105 dla nas najwy\u017cszym z priorytet\u00f3w.<\/p><p>Samodzielny Publiczny Zak\u0142ad Podstawowej Opieki Zdrowotnej w Parczewie przetwarza Pani\/ Pana dane osobowe w zwi\u0105zku z realizacj\u0105 \u015bwiadcze\u0144 zdrowotnych.<\/p><p>Administrator wyznaczy\u0142 Inspektora Ochrony Danych, kt\u00f3rego funkcj\u0119 pe\u0142ni <strong>Magdalena Kaznowska.<\/strong><\/p><p><strong>Kontakt z IOD:<\/strong><br \/>numer telefonu: 578 900 663<br \/>adres e-mail: iod@pca.pl ; m.kaznowska@pca.pl<\/p><p>W ka\u017cdej chwili mog\u0105 Pa\u0144stwo skontaktowa\u0107 si\u0119 z Inspektorem Ochrony Danych we wszystkich sprawach zwi\u0105zanych z przetwarzaniem Pa\u0144stwa danych osobowych, tak\u017ce w razie w\u0105tpliwo\u015bci co do przys\u0142uguj\u0105cych praw.<\/p><p>Do Pa\u0144stwa wiadomo\u015bci zamie\u015bcili\u015bmy:<br \/>\u2022 <a href=\"http:\/\/spzpozparczew.pl\/wp-content\/uploads\/2025\/11\/Przewodnik-ochrony-danych-SPZPOZ-Parczew.pdf\">Przewodnik ochrony danych SPZPOZ Parczew<\/a><\/p>\t\t\t\t\t\t\t\t<\/div>\n\t\t\t\t<\/div>\n\t\t\t\t\t<\/div>\n\t\t\t\t<\/div>\n\t\t\t\t<\/div>\n\t\t","protected":false},"excerpt":{"rendered":"<p>Szanowni Pacjenci, Wsp\u00f3\u0142pracownicy, KontrahenciInformujemy, \u017ce w zwi\u0105zku z nasz\u0105 wsp\u00f3\u0142prac\u0105 przetwarzamy Wasze dane osobowe, zapewniaj\u0105c jednocze\u015bnie ich bezpiecze\u0144stwo i zgodno\u015b\u0107 [&hellip;]<\/p>\n","protected":false},"author":1,"featured_media":0,"parent":0,"menu_order":0,"comment_status":"closed","ping_status":"closed","template":"","meta":{"site-sidebar-layout":"no-sidebar","site-content-layout":"","ast-site-content-layout":"full-width-container","site-content-style":"default","site-sidebar-style":"default","ast-global-header-display":"","ast-banner-title-visibility":"","ast-main-header-display":"","ast-hfb-above-header-display":"","ast-hfb-below-header-display":"","ast-hfb-mobile-header-display":"","site-post-title":"disabled","ast-breadcrumbs-content":"","ast-featured-img":"disabled","footer-sml-layout":"","theme-transparent-header-meta":"","adv-header-id-meta":"","stick-header-meta":"","header-above-stick-meta":"","header-main-stick-meta":"","header-below-stick-meta":"","astra-migrate-meta-layouts":"default","ast-page-background-enabled":"default","ast-page-background-meta":{"desktop":{"background-color":"var(--ast-global-color-4)","background-image":"","background-repeat":"repeat","background-position":"center center","background-size":"auto","background-attachment":"scroll","background-type":"","background-media":"","overlay-type":"","overlay-color":"","overlay-opacity":"","overlay-gradient":""},"tablet":{"background-color":"","background-image":"","background-repeat":"repeat","background-position":"center center","background-size":"auto","background-attachment":"scroll","background-type":"","background-media":"","overlay-type":"","overlay-color":"","overlay-opacity":"","overlay-gradient":""},"mobile":{"background-color":"","background-image":"","background-repeat":"repeat","background-position":"center center","background-size":"auto","background-attachment":"scroll","background-type":"","background-media":"","overlay-type":"","overlay-color":"","overlay-opacity":"","overlay-gradient":""}},"ast-content-background-meta":{"desktop":{"background-color":"var(--ast-global-color-5)","background-image":"","background-repeat":"repeat","background-position":"center center","background-size":"auto","background-attachment":"scroll","background-type":"","background-media":"","overlay-type":"","overlay-color":"","overlay-opacity":"","overlay-gradient":""},"tablet":{"background-color":"var(--ast-global-color-5)","background-image":"","background-repeat":"repeat","background-position":"center center","background-size":"auto","background-attachment":"scroll","background-type":"","background-media":"","overlay-type":"","overlay-color":"","overlay-opacity":"","overlay-gradient":""},"mobile":{"background-color":"var(--ast-global-color-5)","background-image":"","background-repeat":"repeat","background-position":"center center","background-size":"auto","background-attachment":"scroll","background-type":"","background-media":"","overlay-type":"","overlay-color":"","overlay-opacity":"","overlay-gradient":""}},"footnotes":""},"class_list":["post-368","page","type-page","status-publish","hentry"],"_links":{"self":[{"href":"https:\/\/spzpozparczew.pl\/index.php?rest_route=\/wp\/v2\/pages\/368","targetHints":{"allow":["GET"]}}],"collection":[{"href":"https:\/\/spzpozparczew.pl\/index.php?rest_route=\/wp\/v2\/pages"}],"about":[{"href":"https:\/\/spzpozparczew.pl\/index.php?rest_route=\/wp\/v2\/types\/page"}],"author":[{"embeddable":true,"href":"https:\/\/spzpozparczew.pl\/index.php?rest_route=\/wp\/v2\/users\/1"}],"replies":[{"embeddable":true,"href":"https:\/\/spzpozparczew.pl\/index.php?rest_route=%2Fwp%2Fv2%2Fcomments&post=368"}],"version-history":[{"count":28,"href":"https:\/\/spzpozparczew.pl\/index.php?rest_route=\/wp\/v2\/pages\/368\/revisions"}],"predecessor-version":[{"id":628,"href":"https:\/\/spzpozparczew.pl\/index.php?rest_route=\/wp\/v2\/pages\/368\/revisions\/628"}],"wp:attachment":[{"href":"https:\/\/spzpozparczew.pl\/index.php?rest_route=%2Fwp%2Fv2%2Fmedia&parent=368"}],"curies":[{"name":"wp","href":"https:\/\/api.w.org\/{rel}","templated":true}]}}